y 20.
5
Calculate the remainder when 281 is divided by 63.
29
Calculate the remainder when 285 is divided by 59.
49
What is the remainder when 235 is divided by 29?
3
What is the remainder when 183 is divided by 63?
57
What is the remainder when 2791 is divided by 556?
11
Calculate the remainder when 62 is divided by 17.
11
Calculate the remainder when 189 is divided by 12.
9
What is the remainder when 1858 is divided by 124?
122
Calculate the remainder when 394 is divided by 36.
34
Calculate the remainder when 437 is divided by 225.
212
What is the remainder when 559 is divided by 10?
9
What is the remainder when 664 is divided by 210?
34
Calculate the remainder when 1102 is divided by 16.
14
Calculate the remainder when 1338 is divided by 271.
254
Calculate the remainder when 977 is divided by 4.
1
What is the remainder when 138 is divided by 17?
2
Calculate the remainder when 178 is divided by 37.
30
Calculate the remainder when 96 is divided by 17.
11
Calculate the remainder when 233 is divided by 83.
67
Calculate the remainder when 291 is divided by 150.
141
Calculate the remainder when 295 is divided by 18.
7
What is the remainder when 1913 is divided by 160?
153
Calculate the remainder when 5219 is divided by 45.
44
What is the remainder when 374 is divided by 54?
50
Calculate the remainder when 82 is divided by 15.
7
What is the remainder when 220 is divided by 29?
17
Calculate the remainder when 4859 is divided by 16.
11
What is the remainder when 204 is divided by 71?
62
What is the remainder when 702 is divided by 150?
102
What is the remainder when 886 is divided by 882?
4
Calculate the remainder when 738 is divided by 8.
2
What is the remainder when 928 is divided by 93?
91
Calculate the remainder when 508 is divided by 27.
22
Calculate the remainder when 303 is divided by 78.
69
Calculate the remainder when 14551 is divided by 49.
47
Calculate the remainder when 56 is divided by 4.
0
What is the remainder when 281 is divided by 81?
38
What is the remainder when 110 is divided by 49?
12
What is the remainder when 503 is divided by 9?
8
What is the remainder when 168 is divided by 54?
6
Calculate the remainder when 824 is divided by 79.
34
What is the remainder when 6991 is divided by 76?
75
Calculate the remainder when 933 is divided by 85.
83
What is the remainder when 842 is divided by 47?
43
What is the remainder when 38 is divided by 21?
17
Calculate the remainder when 833 is divided by 24.
17
Calculate the remainder when 2015 is divided by 23.
14
What is the remainder when 310 is divided by 76?
6
What is the remainder when 792 is divided by 134?
122
What is the remainder when 261 is divided by 64?
5
Calculate the remainder when 8145 is divided by 204.
189
Calculate the remainder when 394 is divided by 6.
4
What is the remainder when 87 is divided by 19?
11
What is the remainder when 359 is divided by 204?
155
What is the remainder when 3463 is divided by 267?
259
What is the remainder when 1157 is divided by 385?
2
What is the remainder when 289 is divided by 97?
95
What is the remainder when 2808 is divided by 936?
0
Calculate the remainder when 254 is divided by 49.
9
Calculate the remainder when 191 is divided by 30.
11
Calculate the remainder when 1265 is divided by 250.
15
What is the remainder when 86 is divided by 30?
26
Calculate the remainder when 9369 is divided by 13.
9
What is the remainder when 97 is divided by 34?
29
What is the remainder when 153 is divided by 40?
33
What is the remainder when 74 is divided by 22?
8
What is the remainder when 49 is divided by 5?
4
What is the remainder when 280 is divided by 41?
34
Calculate the remainder when 2253 is divided by 16.
13
Calculate the remainder when 52 is divided by 5.
2
Calculate the remainder when 17289 is divided by 12.
9
Calculate the remainder when 4538 is divided by 17.
16
What is the remainder when 212 is divided by 32?
20
Calculate the remainder when 1011 is divided by 76.
23
Calculate the remainder when 129 is divided by 6.
3
Calculate the remainder when 1079 is divided by 108.
107
Calculate the remainder when 65 is divided by 10.
5
What is the remainder when 315 is divided by 61?
10
What is the remainder when 9071 is divided by 54?
53
What is the remainder when 922 is divided by 28?
26
Calculate the remainder when 319 is divided by 14.
11
What is the remainder when 29279 is divided by 12?
11
Calculate the remainder when 458 is divided by 42.
38
What is the remainder when 301 is divided by 33?
4
Calculate the remainder when 163 is divided by 35.
23
What is the remainder when 435 is divided by 430?
5
What is the remainder when 2933 is divided by 42?
35
What is the remainder when 283 is divided by 263?
20
Calculate the remainder when 244 is divided by 44.
24
What is the remainder when 1852 is divided by 99?
70
What is the remainder when 1817 is divided by 18?
17
Calculate the remainder when 8 is divided by 8.
0
Calculate the remainder when 102 is divided by 31.
9
What is the remainder when 234 is divided by 42?
24
Calculate the remainder when 2059 is divided by 410.
9
What is the remainder when 54 is divided by 2?
0
What is the remainder when 886 is divided by 212?
38
What is the remainder when 62 is divided by 55?
7
Calculate the remainder when 165 is divided by 34.
29
Calculate the remainder when 237 is divided by 72.
21
What is the remainder when 54 is divided by 35?
19
Calculate the remainder when 4220 is divided by 117.
8
Calculate the remainder when 175 is divided by 23.
14
What is the remainder when 4670 is divided by 32?
30
What is the remainder when 4143 is divided by 826?
13
Calculate the remainder when 2009 is divided by 171.
128
Calculate the remainder when 4836 is divided by 36.
12
Calculate the remainder when 4231 is divided by 35.
31
What is the remainder when 505 is divided by 85?
80
What is the remainder when 8532 is divided by 251?
249
Calculate the remainder when 149 is divided by 36.
5
What is the remainder when 57 is divided by 26?
5
What is the remainder when 3604 is divided by 82?
78
Calculate the remainder when 89 is divided by 58.
31
Calculate the remainder when 1455 is divided by 209.
201
Calculate the remainder when 1180 is divided by 33.
25
What is the remainder when 21893 is divided by 184?
181
Calculate the remainder when 736 is divided by 125.
111
Calculate the remainder when 43 is divided by 34.
9
Calculate the remainder when 3387 is divided by 18.
3
Calculate the remainder when 3641 is divided by 43.
29
Calculate the remainder when 50 is divided by 18.
14
Calculate the remainder when 1154 is divided by 34.
32
What is the remainder when 705 is divided by 141?
0
What is the remainder when 129 is divided by 12?
9
What is the remainder when 1951 is divided by 138?
19
What is the remainder when 1895 is divided by 27?
5
Calculate the remainder when 265 is divided by 259.
6
What is the remainder when 4459 is divided by 93?
88
Calculate the remainder when 3090 is divided by 72.
66
Calculate the remainder when 149 is divided by 44.
17
Calculate the remainder when 1093 is divided by 73.
71
What is the remainder when 119 is divided by 8?
7
Calculate the remainder when 20 is divided by 7.
6
What is the remainder when 558 is divided by 43?
42
Calculate the remainder when 469 is divided by 59.
56
Calculate the remainder when 139 is divided by 31.
15
Calculate the remainder when 25 is divided by 20.
5
What is the remainder when 43 is divided by 6?
1
Calculate the remainder when 105 is divided by 18.
15
Calculate the remainder when 507 is divided by 85.
82
Calculate the remainder when 2356 is divided by 55.
46
Calculate the remainder when 997 is divided by 40.
37
What is the remainder when 122 is divided by 45?
32
Calculate the remainder when 1199 is divided by 15.
14
Calculate the remainder when 9396 is divided by 254.
252
What is the remainder when 659 is divided by 167?
158
Calculate the remainder when 515 is divided by 108.
83
Calculate the remainder when 97 is divided by 9.
7
What is the remainder when 450 is divided by 24?
18
What is the remainder when 3216 is divided by 111?
108
Calculate the remainder when 3869 is divided by 386.
9
What is the remainder when 123 is divided by 34?
21
What is the remainder when 265 is divided by